{"id":4160,"date":"2017-07-22T20:22:22","date_gmt":"2017-07-22T19:22:22","guid":{"rendered":"http:\/\/seteminutos.pt\/blog\/?page_id=4160"},"modified":"2021-11-14T20:08:44","modified_gmt":"2021-11-14T20:08:44","slug":"feira-sao-joao","status":"publish","type":"page","link":"https:\/\/seteminutos.org\/blog\/edicoes\/evora\/especiais-evora\/feira-sao-joao\/","title":{"rendered":"Feira de S\u00e3o Jo\u00e3o"},"content":{"rendered":"\n<h4 class=\"wp-block-heading\" id=\"edicoes-especiais-sobre-a-feira-de-sao-joao-em-evora\"><strong><img data-recalc-dims=\"1\" loading=\"lazy\" decoding=\"async\" width=\"240\" height=\"240\" class=\"size-full wp-image-4405 alignleft\" src=\"https:\/\/i0.wp.com\/seteminutos.org\/blog\/wp-content\/uploads\/2021\/11\/0001-esp-evr-23-06-2010.jpg?resize=240%2C240&#038;ssl=1\" alt=\"Sete Minutos Eletr\u00f3nico\">Edi\u00e7\u00f5es especiais sobre a Feira de S\u00e3o Jo\u00e3o em \u00c9vora<\/strong><\/h4>\n\n\n\n<p>A Feira de S\u00e3o Jo\u00e3o de \u00c9vora, \u00e9 uma das mais antigas feiras francas do pa\u00eds e \u00e9 igualmente uma festa popular que se celebra, todos os anos, no Rossio de S\u00e3o Br\u00e1s, h\u00e1 mais de 500 anos.<\/p>\n\n\n\n<p>O jornal Sete Minutos &#8220;nasceu&#8221; nesta feira em 23 de junho de 2010 e desde a\u00ed tem sempre estado presente na feira com uma edi\u00e7\u00e3o especial di\u00e1ria onde conta a hist\u00f3ria do certame, destaca os eventos que acontecem durante a feira e d\u00e1 \u00eanfase a muitas curiosidades e particularidades desta feira centen\u00e1ria.<\/p>\n\n\n\n<p>Essas edi\u00e7\u00f5es especiais s\u00f3 n\u00e3o aconteceram em 2013 e 2014, porque a vers\u00e3o impressa do Sete Minutos esteve encerrada e em 2020 e 2021 porque o pr\u00f3prio certame n\u00e3o aconteceu devido \u00e0s restri\u00e7\u00f5es da COVID-19.<\/p>\n\n\n\n<p>Se n\u00e3o teve oportunidade de ler essas edi\u00e7\u00f5es na altura, ou se quer recordar, pode ver agora em PDF.<\/p>\n\n\n\n<p><strong>Edi\u00e7\u00e3o Especial Feira de S\u00e3o Jo\u00e3o 2010<\/strong> (de 23 de junho a 04 de julho): <a href=\"https:\/\/drive.google.com\/file\/d\/1Lph9i0Vdnk8LSyxagtUHpmRl8AZZXXJZ\/view?usp=sharing\" target=\"_blank\" rel=\"noreferrer noopener\">0001<\/a>, <a href=\"https:\/\/drive.google.com\/file\/d\/1hGgpqPMNBPecXeFofjI9kM15OH_FZglj\/view?usp=sharing\" target=\"_blank\" rel=\"noreferrer noopener\">0002<\/a>, <a href=\"https:\/\/drive.google.com\/file\/d\/1prqJpOLrNylsGz1A0LBGUhuxQITjvUXf\/view?usp=sharing\" target=\"_blank\" rel=\"noreferrer noopener\">0003<\/a>, <a href=\"https:\/\/drive.google.com\/file\/d\/1irdC4i1aXProQKI5FufoQaa_bRLDjCaI\/view?usp=sharing\" target=\"_blank\" rel=\"noreferrer noopener\">0004<\/a>, <a href=\"https:\/\/drive.google.com\/file\/d\/1L19GjGuEkkDZGVYpMCNla3YZm6q-V9Pa\/view?usp=sharing\" target=\"_blank\" rel=\"noreferrer noopener\">0005<\/a>, <a href=\"https:\/\/drive.google.com\/file\/d\/1TUAQsn2exutntYEA-w13VZ6ucFVzP3xI\/view?usp=sharing\" target=\"_blank\" rel=\"noreferrer noopener\">0006<\/a>, <a href=\"https:\/\/drive.google.com\/file\/d\/1-43UvWQa73bMEAxjUHvJ0qVcj-U1BFtG\/view?usp=sharing\" target=\"_blank\" rel=\"noreferrer noopener\">0007<\/a>, <a href=\"https:\/\/drive.google.com\/file\/d\/1Z1ge84g06daoY87ZOwVOUE-2KoAWG1SV\/view?usp=sharing\" target=\"_blank\" rel=\"noreferrer noopener\">0008<\/a>, <a href=\"https:\/\/drive.google.com\/file\/d\/1AwK--ncF3tVgbSaUTlPSdAPDmUWs5mQJ\/view?usp=sharing\" target=\"_blank\" rel=\"noreferrer noopener\">0009<\/a>, <a href=\"https:\/\/drive.google.com\/file\/d\/1sQCe_RUDidYC_2Vt6Ft81hbYxIL3jx2r\/view?usp=sharing\" target=\"_blank\" rel=\"noreferrer noopener\">0010<\/a>, <a href=\"https:\/\/drive.google.com\/file\/d\/1uPvuS_4H_yxLPkqPk6Oyseub_qBzRfm7\/view?usp=sharing\" target=\"_blank\" rel=\"noreferrer noopener\">0011<\/a> e <a href=\"https:\/\/drive.google.com\/file\/d\/1XO0KJoX1SHxZlvA5ckse1Vx1uE-iG4TI\/view?usp=sharing\" target=\"_blank\" rel=\"noreferrer noopener\">0012<\/a>.<\/p>\n\n\n\n<p><strong>Edi\u00e7\u00e3o Especial Feira de S\u00e3o Jo\u00e3o 2011<\/strong> (de 23 de junho a 03 de julho): <a href=\"https:\/\/drive.google.com\/file\/d\/1rwEHif8lztCoTWo5mtvKngAww3SAO4I1\/view?usp=sharing\" target=\"_blank\" rel=\"noreferrer noopener\">0015<\/a>, <a href=\"https:\/\/drive.google.com\/file\/d\/1mc0ncwKqcUWK9kZk09MW6bhwlgxZ78WP\/view?usp=sharing\" target=\"_blank\" rel=\"noreferrer noopener\">0016<\/a>, <a href=\"https:\/\/drive.google.com\/file\/d\/1mc7Z5SvMRzvRH5Hn-uSr9MLWB8E_hVjA\/view?usp=sharing\" target=\"_blank\" rel=\"noreferrer noopener\">0017<\/a>, <a href=\"https:\/\/drive.google.com\/file\/d\/1BgocPRinASzUCPSuWZYlgsSMfVCrCqkL\/view?usp=sharing\" target=\"_blank\" rel=\"noreferrer noopener\">0018<\/a>, <a href=\"https:\/\/drive.google.com\/file\/d\/134NXkDBl94er2z54wXcgYuR33OU11zKR\/view?usp=sharing\" target=\"_blank\" rel=\"noreferrer noopener\">0019<\/a>, <a href=\"https:\/\/drive.google.com\/file\/d\/14_d5Fz3K0Q3asQAT7sNaiWc28yR9iapY\/view?usp=sharing\" target=\"_blank\" rel=\"noreferrer noopener\">0020<\/a>, <a href=\"https:\/\/drive.google.com\/file\/d\/1uRGJlqNT5_7F59U-cd0l2dq4pFXexCvP\/view?usp=sharing\" target=\"_blank\" rel=\"noreferrer noopener\">0021<\/a>, <a href=\"https:\/\/drive.google.com\/file\/d\/1TlO7DDpFZPjHi0i_fBfd7Dsep-HT2vi9\/view?usp=sharing\" target=\"_blank\" rel=\"noreferrer noopener\">0022<\/a>, <a href=\"https:\/\/drive.google.com\/file\/d\/1RFDqALBc7rA273U65qoHKOnKbhgLIFQy\/view?usp=sharing\" target=\"_blank\" rel=\"noreferrer noopener\">0023<\/a>, <a href=\"https:\/\/drive.google.com\/file\/d\/1WtR5CjrS0RcaKMMP1kib5GYeNR5UMGLc\/view?usp=sharing\" target=\"_blank\" rel=\"noreferrer noopener\">0024<\/a> e <a href=\"https:\/\/drive.google.com\/file\/d\/10jOZbSvV4NrPb1RfI70px5FGUMTZTzgP\/view?usp=sharing\" target=\"_blank\" rel=\"noreferrer noopener\">0025<\/a>.<\/p>\n\n\n\n<p><strong>Edi\u00e7\u00e3o Especial Feira de S\u00e3o Jo\u00e3o 2012<\/strong> (de 22 de junho a 01 de julho): <a href=\"https:\/\/drive.google.com\/file\/d\/1VfxA0yxcCI8C3K4eMNFc5S9zXll16_D1\/view?usp=sharing\" target=\"_blank\" rel=\"noreferrer noopener\">0026<\/a>, <a href=\"https:\/\/drive.google.com\/file\/d\/1q528_IkYi5lV2Y9jCYCoxqqvjcLFWpu8\/view?usp=sharing\" target=\"_blank\" rel=\"noreferrer noopener\">0027<\/a>, <a href=\"https:\/\/drive.google.com\/file\/d\/1MKbT_SBx8RduOiebMTVjmrWEYfb-RJLj\/view?usp=sharing\" target=\"_blank\" rel=\"noreferrer noopener\">0028<\/a>, <a href=\"https:\/\/drive.google.com\/file\/d\/1-65ifvMBHgE-XPb4bKbSd8KogMpSMuc3\/view?usp=sharing\" target=\"_blank\" rel=\"noreferrer noopener\">0029<\/a>, <a href=\"https:\/\/drive.google.com\/file\/d\/1Ha8mdpvzzlnkKA7pN3a5C25QKxDInDo6\/view?usp=sharing\" target=\"_blank\" rel=\"noreferrer noopener\">0030,<\/a> <a href=\"https:\/\/drive.google.com\/file\/d\/1FueBPVtIBNerXoUS6YMf_uap-rprnTt9\/view?usp=sharing\" target=\"_blank\" rel=\"noreferrer noopener\">0031<\/a>, <a href=\"https:\/\/drive.google.com\/file\/d\/1hfVrexAnyXkrv74mxNLzq110hfm4OovA\/view?usp=sharing\" target=\"_blank\" rel=\"noreferrer noopener\">0032<\/a>, <a href=\"https:\/\/drive.google.com\/file\/d\/1Gx__-leya72RzihS6p6kF0gkP9zI56pu\/view?usp=sharing\" target=\"_blank\" rel=\"noreferrer noopener\">0033<\/a>, <a href=\"https:\/\/drive.google.com\/file\/d\/1EOeMj3NVjVoSYGT2dLq5TBOoB8VNyy1X\/view?usp=sharing\" target=\"_blank\" rel=\"noreferrer noopener\">0034<\/a> e <a href=\"https:\/\/drive.google.com\/file\/d\/1r66qCMp7BXE2xwJgyHHFzM7wp1LamfnB\/view?usp=sharing\" target=\"_blank\" rel=\"noreferrer noopener\">0035<\/a>.<\/p>\n\n\n\n<p><strong>Edi\u00e7\u00e3o Especial Feira de S\u00e3o Jo\u00e3o 2015<\/strong> (de 19 a 29 de junho): <a href=\"https:\/\/drive.google.com\/file\/d\/1fjHpUOMnjPCW2MZqr2v0317xeB1WYR7U\/view?usp=sharing\" target=\"_blank\" rel=\"noreferrer noopener\">0036<\/a> (edi\u00e7\u00e3o \u00fanica).<\/p>\n\n\n\n<p><strong>Edi\u00e7\u00e3o Especial Feira de S\u00e3o Jo\u00e3o 2016<\/strong> (de 23 de junho a 03 de julho): <a href=\"https:\/\/drive.google.com\/file\/d\/1ZCdVfFUabrj6FPzerGKTiKgQw4fQDxwF\/view?usp=sharing\" target=\"_blank\" rel=\"noreferrer noopener\">0037<\/a>, <a href=\"https:\/\/drive.google.com\/file\/d\/1jJs1_GDQnMwAF8I125ggeOngXYuwShOs\/view?usp=sharing\" target=\"_blank\" rel=\"noreferrer noopener\">0038<\/a>, <a href=\"https:\/\/drive.google.com\/file\/d\/1fXHDpie2yzaDjoegar4-0ywe4mBY2iew\/view?usp=sharing\" target=\"_blank\" rel=\"noreferrer noopener\">0039<\/a>, <a href=\"https:\/\/drive.google.com\/file\/d\/1qpPZ4i2qEKfkdveM-vKwhznbB_z2LXFt\/view?usp=sharing\" target=\"_blank\" rel=\"noreferrer noopener\">0040<\/a>, <a href=\"https:\/\/drive.google.com\/file\/d\/1pgDAGFkvidscnGtRBAa-eJgLk7EmG4hN\/view?usp=sharing\" target=\"_blank\" rel=\"noreferrer noopener\">0041<\/a>, <a href=\"https:\/\/drive.google.com\/file\/d\/16a_DgFM64sMbBTj67RqvBAzm1dkNddBb\/view?usp=sharing\" target=\"_blank\" rel=\"noreferrer noopener\">0042<\/a>, <a href=\"https:\/\/drive.google.com\/file\/d\/1q6ZX6iSd23ymEGNvKZXvpYHidiy3V3gA\/view?usp=sharing\" target=\"_blank\" rel=\"noreferrer noopener\">0043<\/a>, <a href=\"https:\/\/drive.google.com\/file\/d\/1eOGPfu2aXvlKk9G_FLwRTnUH9t_8SFJF\/view?usp=sharing\" target=\"_blank\" rel=\"noreferrer noopener\">0044<\/a>, <a href=\"https:\/\/drive.google.com\/file\/d\/1IaUWpNW04ckqfj3fOefswQhl0bnaTNTf\/view?usp=sharing\" target=\"_blank\" rel=\"noreferrer noopener\">0045<\/a>, <a href=\"https:\/\/drive.google.com\/file\/d\/1jgsq899RQOt_87W6HG9rVqd99UcOGYCB\/view?usp=sharing\" target=\"_blank\" rel=\"noreferrer noopener\">0046<\/a> e <a href=\"https:\/\/drive.google.com\/file\/d\/1FrOF8AqKjA1FEU8sQGsBvwKtyUlPdSrQ\/view?usp=sharing\" target=\"_blank\" rel=\"noreferrer noopener\">0047<\/a>.<\/p>\n\n\n\n<p><strong>Edi\u00e7\u00e3o Especial Feira de S\u00e3o Jo\u00e3o 2017<\/strong> (de 23 de junho a 02 de julho):<a href=\"https:\/\/drive.google.com\/file\/d\/1Vy74Lv3NMAnQyBiqbaeRDp-sK80FcLOI\/view?usp=sharing\" target=\"_blank\" rel=\"noreferrer noopener\"> 0051<\/a>, <a href=\"https:\/\/drive.google.com\/file\/d\/1azclT8GKgB1jcdBu99na8MkDUDrJTKFk\/view?usp=sharing\" target=\"_blank\" rel=\"noreferrer noopener\">0052<\/a>, <a href=\"https:\/\/drive.google.com\/file\/d\/1evUpx32WIFb-8eZGaCaDlfm6ukWOXLA2\/view?usp=sharing\" target=\"_blank\" rel=\"noreferrer noopener\">0053<\/a>, <a href=\"https:\/\/drive.google.com\/file\/d\/1C1HTao47R5gHEWb8X4NrjczgCFcaKMri\/view?usp=sharing\" target=\"_blank\" rel=\"noreferrer noopener\">0054<\/a>, <a href=\"https:\/\/drive.google.com\/file\/d\/12dRrwDeG22bAuvNMJmZaurfV15ZTcuON\/view?usp=sharing\" target=\"_blank\" rel=\"noreferrer noopener\">0055<\/a>, <a href=\"https:\/\/drive.google.com\/file\/d\/1q6qBJC-CoNViKf-80EWEU5X1AART2tXB\/view?usp=sharing\" target=\"_blank\" rel=\"noreferrer noopener\">0056<\/a>, <a href=\"https:\/\/drive.google.com\/file\/d\/1pLEGTpnFU6thiY-B1XfAX3JPZAMQechq\/view?usp=sharing\" target=\"_blank\" rel=\"noreferrer noopener\">0057<\/a>, <a href=\"https:\/\/drive.google.com\/file\/d\/1EBbwIyc-0KJ_MK2UO6SNc8-XHpt-2esn\/view?usp=sharing\" target=\"_blank\" rel=\"noreferrer noopener\">0058<\/a>, <a href=\"https:\/\/drive.google.com\/file\/d\/1FjJtiN1IZOLxXpxnp_i5R6Cuqinw0hhX\/view?usp=sharing\" target=\"_blank\" rel=\"noreferrer noopener\">0059<\/a> e <a href=\"https:\/\/drive.google.com\/file\/d\/1tQHoX-Zyx0oGziklGEYRaBBNGUzEDNn6\/view?usp=sharing\" target=\"_blank\" rel=\"noreferrer noopener\">0060<\/a>.<\/p>\n\n\n\n<p><strong>Edi\u00e7\u00e3o Especial Feira de S\u00e3o Jo\u00e3o 2018<\/strong> (de 22 de junho a 01 de julho): <a href=\"https:\/\/drive.google.com\/file\/d\/1D2I35z9Ob_WLsmZWxhPsBGEyZwDu9WAN\/view?usp=sharing\" target=\"_blank\" rel=\"noreferrer noopener\">0063<\/a>, <a href=\"https:\/\/drive.google.com\/file\/d\/145XkzFiAHhvOzJ1hSCC2B2sMlhh7gs1Q\/view?usp=sharing\" target=\"_blank\" rel=\"noreferrer noopener\">0064<\/a>, <a href=\"https:\/\/drive.google.com\/file\/d\/1KANXZDmG2QL81prKMapb9UCo9f0xbfZi\/view?usp=sharing\" target=\"_blank\" rel=\"noreferrer noopener\">0065<\/a>, <a href=\"https:\/\/drive.google.com\/file\/d\/111tkz4jDyoU23g8wbQNvpXH6NikDpj4c\/view?usp=sharing\" target=\"_blank\" rel=\"noreferrer noopener\">0066<\/a>, <a href=\"https:\/\/drive.google.com\/file\/d\/1fCEOY6htKHMD8E-p2tsM7EyvrHx1Tg4Z\/view?usp=sharing\" target=\"_blank\" rel=\"noreferrer noopener\">0067<\/a>, <a href=\"https:\/\/drive.google.com\/file\/d\/1fyrJiPJDxSYugHlh5ALcsU83yd334Fb7\/view?usp=sharing\" target=\"_blank\" rel=\"noreferrer noopener\">0068<\/a>, <a href=\"https:\/\/drive.google.com\/file\/d\/1y0QrA2C3bzfrwnDgjBk6Ga7EPK0XLHFy\/view?usp=sharing\" target=\"_blank\" rel=\"noreferrer noopener\">0069<\/a>, <a href=\"https:\/\/drive.google.com\/file\/d\/1lzdAvfir-BfYAcl4FX6a8_9ftqbkLFKb\/view?usp=sharing\" target=\"_blank\" rel=\"noreferrer noopener\">0070<\/a>, <a href=\"https:\/\/drive.google.com\/file\/d\/1SVTG6uBQHVjUDCHWh2DTSjgbg498ftB1\/view?usp=sharing\" target=\"_blank\" rel=\"noreferrer noopener\">0071 <\/a>e <a href=\"https:\/\/drive.google.com\/file\/d\/1bvfsdP1-myVGqHKRHZP5af8MJ1qhb7MF\/view?usp=sharing\" target=\"_blank\" rel=\"noreferrer noopener\">0072<\/a>.<\/p>\n\n\n\n<p><strong>Edi\u00e7\u00e3o Especial Feira de S\u00e3o Jo\u00e3o 2019<\/strong> (de 21 a 30 de junho): <a href=\"https:\/\/drive.google.com\/file\/d\/1BM6YeSGF42BqkusR2XFwO8zJ6COfqbPk\/view?usp=sharing\" target=\"_blank\" rel=\"noreferrer noopener\">0077<\/a>, <a href=\"https:\/\/drive.google.com\/file\/d\/18002K9_v5fXkV5kYA3y_dXGIrgNgsS55\/view?usp=sharing\" target=\"_blank\" rel=\"noreferrer noopener\">0078<\/a>, <a href=\"https:\/\/drive.google.com\/file\/d\/1eMY35ADunDKtf3tg7jwekTzr-ZmrPsYy\/view?usp=sharing\" target=\"_blank\" rel=\"noreferrer noopener\">0079<\/a>, <a href=\"https:\/\/drive.google.com\/file\/d\/1aGTxS_pxveB2XL7S1I196ktbwSvhTRXs\/view?usp=sharing\" target=\"_blank\" rel=\"noreferrer noopener\">0080<\/a>, <a href=\"https:\/\/drive.google.com\/file\/d\/107cxwHPHZ5fVVkMT2ZWA-a--vkQ9oByS\/view?usp=sharing\" target=\"_blank\" rel=\"noreferrer noopener\">0081<\/a>, <a href=\"https:\/\/drive.google.com\/file\/d\/1m-UehyiO1pzKee1i8St5teT34KxHLjg1\/view?usp=sharing\" target=\"_blank\" rel=\"noreferrer noopener\">0082<\/a>, <a href=\"https:\/\/drive.google.com\/file\/d\/1-GPObdj6RymV04BkyB52F8-Y_ZkK_24S\/view?usp=sharing\" target=\"_blank\" rel=\"noreferrer noopener\">0083<\/a>, <a href=\"https:\/\/drive.google.com\/file\/d\/1HjdLPSl1GWx5h_8Yq5anbUxdlZx3XonK\/view?usp=sharing\" target=\"_blank\" rel=\"noreferrer noopener\">0084<\/a>, <a href=\"https:\/\/drive.google.com\/file\/d\/1e6rODIMetlc-uuQ2sxqtbiiPdNoZRFCO\/view?usp=sharing\" target=\"_blank\" rel=\"noreferrer noopener\">0085<\/a> e <a href=\"https:\/\/drive.google.com\/file\/d\/1JXDkcpDoWH_f8ga4Tp98uAXSfSesMPWs\/view?usp=sharing\" target=\"_blank\" rel=\"noreferrer noopener\">0086<\/a>.<\/p>\n\n\n\n<p><\/p>\n\n\n\n<p>Informa\u00e7\u00e3o atualizada em&nbsp;<strong>14 de novembro de 2021<\/strong>.<\/p>\n","protected":false},"excerpt":{"rendered":"<p>Edi\u00e7\u00f5es especiais sobre a Feira de S\u00e3o Jo\u00e3o em \u00c9vora A Feira de S\u00e3o Jo\u00e3o de \u00c9vora, \u00e9 uma das mais antigas feiras francas do pa\u00eds e \u00e9 igualmente uma festa popular que se celebra, todos os anos, no Rossio de S\u00e3o Br\u00e1s, h\u00e1 mais de 500 anos. O jornal Sete Minutos &#8220;nasceu&#8221; nesta feira em 23 de junho de 2010 e desde a\u00ed tem sempre estado presente na feira com uma edi\u00e7\u00e3o especial di\u00e1ria onde conta a hist\u00f3ria do certame, destaca os eventos que acontecem durante a feira e&hellip;<\/p>\n","protected":false},"author":1,"featured_media":9189,"parent":3537,"menu_order":0,"comment_status":"closed","ping_status":"closed","template":"","meta":{"footnotes":""},"class_list":["post-4160","page","type-page","status-publish","has-post-thumbnail","hentry"],"yoast_head":"<!-- This site is optimized with the Yoast SEO plugin v26.0 - https:\/\/yoast.com\/wordpress\/plugins\/seo\/ -->\n<title>Sete Minutos | Feira de S\u00e3o Jo\u00e3o<\/title>\n<meta name=\"robots\" content=\"index, follow, max-snippet:-1, max-image-preview:large, max-video-preview:-1\" \/>\n<link rel=\"canonical\" href=\"https:\/\/seteminutos.org\/blog\/edicoes\/evora\/especiais-evora\/feira-sao-joao\/\" \/>\n<meta property=\"og:locale\" content=\"pt_PT\" \/>\n<meta property=\"og:type\" content=\"article\" \/>\n<meta property=\"og:title\" content=\"Sete Minutos | Feira de S\u00e3o Jo\u00e3o\" \/>\n<meta property=\"og:url\" content=\"https:\/\/seteminutos.org\/blog\/edicoes\/evora\/especiais-evora\/feira-sao-joao\/\" \/>\n<meta property=\"og:site_name\" content=\"Sete Minutos\" \/>\n<meta property=\"article:publisher\" content=\"https:\/\/www.facebook.com\/seteminutos.oficial\" \/>\n<meta property=\"article:modified_time\" content=\"2021-11-14T20:08:44+00:00\" \/>\n<meta property=\"og:image\" content=\"https:\/\/i2.wp.com\/seteminutos.pt\/blog\/wp-content\/uploads\/2021\/11\/0001-esp-evr-23-06-2010.jpg?fit=240%2C240&ssl=1\" \/>\n\t<meta property=\"og:image:width\" content=\"240\" \/>\n\t<meta property=\"og:image:height\" content=\"240\" \/>\n\t<meta property=\"og:image:type\" content=\"image\/jpeg\" \/>\n<meta name=\"twitter:card\" content=\"summary_large_image\" \/>\n<meta name=\"twitter:site\" content=\"@sete_minutos\" \/>\n<meta name=\"twitter:label1\" content=\"Tempo estimado de leitura\" \/>\n\t<meta name=\"twitter:data1\" content=\"2 minutos\" \/>\n<script type=\"application\/ld+json\" class=\"yoast-schema-graph\">{\"@context\":\"https:\/\/schema.org\",\"@graph\":[{\"@type\":\"WebPage\",\"@id\":\"https:\/\/seteminutos.org\/blog\/edicoes\/evora\/especiais-evora\/feira-sao-joao\/\",\"url\":\"https:\/\/seteminutos.org\/blog\/edicoes\/evora\/especiais-evora\/feira-sao-joao\/\",\"name\":\"Sete Minutos | Feira de S\u00e3o Jo\u00e3o\",\"isPartOf\":{\"@id\":\"https:\/\/seteminutos.org\/blog\/#website\"},\"primaryImageOfPage\":{\"@id\":\"https:\/\/seteminutos.org\/blog\/edicoes\/evora\/especiais-evora\/feira-sao-joao\/#primaryimage\"},\"image\":{\"@id\":\"https:\/\/seteminutos.org\/blog\/edicoes\/evora\/especiais-evora\/feira-sao-joao\/#primaryimage\"},\"thumbnailUrl\":\"https:\/\/i0.wp.com\/seteminutos.org\/blog\/wp-content\/uploads\/2021\/11\/0001-esp-evr-23-06-2010.jpg?fit=240%2C240&ssl=1\",\"datePublished\":\"2017-07-22T19:22:22+00:00\",\"dateModified\":\"2021-11-14T20:08:44+00:00\",\"breadcrumb\":{\"@id\":\"https:\/\/seteminutos.org\/blog\/edicoes\/evora\/especiais-evora\/feira-sao-joao\/#breadcrumb\"},\"inLanguage\":\"pt-PT\",\"potentialAction\":[{\"@type\":\"ReadAction\",\"target\":[\"https:\/\/seteminutos.org\/blog\/edicoes\/evora\/especiais-evora\/feira-sao-joao\/\"]}]},{\"@type\":\"ImageObject\",\"inLanguage\":\"pt-PT\",\"@id\":\"https:\/\/seteminutos.org\/blog\/edicoes\/evora\/especiais-evora\/feira-sao-joao\/#primaryimage\",\"url\":\"https:\/\/i0.wp.com\/seteminutos.org\/blog\/wp-content\/uploads\/2021\/11\/0001-esp-evr-23-06-2010.jpg?fit=240%2C240&ssl=1\",\"contentUrl\":\"https:\/\/i0.wp.com\/seteminutos.org\/blog\/wp-content\/uploads\/2021\/11\/0001-esp-evr-23-06-2010.jpg?fit=240%2C240&ssl=1\",\"width\":240,\"height\":240,\"caption\":\"Edi\u00e7\u00e3o Sete Minutos 0001\"},{\"@type\":\"BreadcrumbList\",\"@id\":\"https:\/\/seteminutos.org\/blog\/edicoes\/evora\/especiais-evora\/feira-sao-joao\/#breadcrumb\",\"itemListElement\":[{\"@type\":\"ListItem\",\"position\":1,\"name\":\"In\u00edcio\",\"item\":\"https:\/\/seteminutos.org\/blog\/\"},{\"@type\":\"ListItem\",\"position\":2,\"name\":\"Edi\u00e7\u00f5es\",\"item\":\"https:\/\/seteminutos.org\/blog\/edicoes\/\"},{\"@type\":\"ListItem\",\"position\":3,\"name\":\"\u00c9vora\",\"item\":\"https:\/\/seteminutos.org\/blog\/edicoes\/evora\/\"},{\"@type\":\"ListItem\",\"position\":4,\"name\":\"Especiais\",\"item\":\"https:\/\/seteminutos.org\/blog\/edicoes\/evora\/especiais-evora\/\"},{\"@type\":\"ListItem\",\"position\":5,\"name\":\"Feira de S\u00e3o Jo\u00e3o\"}]},{\"@type\":\"WebSite\",\"@id\":\"https:\/\/seteminutos.org\/blog\/#website\",\"url\":\"https:\/\/seteminutos.org\/blog\/\",\"name\":\"Sete Minutos\",\"description\":\"Curiosidades, Humor e Informa\u00e7\u00e3o com Intelig\u00eancia\",\"publisher\":{\"@id\":\"https:\/\/seteminutos.org\/blog\/#organization\"},\"potentialAction\":[{\"@type\":\"SearchAction\",\"target\":{\"@type\":\"EntryPoint\",\"urlTemplate\":\"https:\/\/seteminutos.org\/blog\/?s={search_term_string}\"},\"query-input\":{\"@type\":\"PropertyValueSpecification\",\"valueRequired\":true,\"valueName\":\"search_term_string\"}}],\"inLanguage\":\"pt-PT\"},{\"@type\":\"Organization\",\"@id\":\"https:\/\/seteminutos.org\/blog\/#organization\",\"name\":\"Sete Minutos\",\"url\":\"https:\/\/seteminutos.org\/blog\/\",\"logo\":{\"@type\":\"ImageObject\",\"inLanguage\":\"pt-PT\",\"@id\":\"https:\/\/seteminutos.org\/blog\/#\/schema\/logo\/image\/\",\"url\":\"https:\/\/i0.wp.com\/seteminutos.org\/blog\/wp-content\/uploads\/2017\/06\/cropped-sm-logo-2017-2.jpg?fit=290%2C64&ssl=1\",\"contentUrl\":\"https:\/\/i0.wp.com\/seteminutos.org\/blog\/wp-content\/uploads\/2017\/06\/cropped-sm-logo-2017-2.jpg?fit=290%2C64&ssl=1\",\"width\":290,\"height\":64,\"caption\":\"Sete Minutos\"},\"image\":{\"@id\":\"https:\/\/seteminutos.org\/blog\/#\/schema\/logo\/image\/\"},\"sameAs\":[\"https:\/\/www.facebook.com\/seteminutos.oficial\",\"https:\/\/x.com\/sete_minutos\"]}]}<\/script>\n<!-- \/ Yoast SEO plugin. -->","yoast_head_json":{"title":"Sete Minutos | Feira de S\u00e3o Jo\u00e3o","robots":{"index":"index","follow":"follow","max-snippet":"max-snippet:-1","max-image-preview":"max-image-preview:large","max-video-preview":"max-video-preview:-1"},"canonical":"https:\/\/seteminutos.org\/blog\/edicoes\/evora\/especiais-evora\/feira-sao-joao\/","og_locale":"pt_PT","og_type":"article","og_title":"Sete Minutos | Feira de S\u00e3o Jo\u00e3o","og_url":"https:\/\/seteminutos.org\/blog\/edicoes\/evora\/especiais-evora\/feira-sao-joao\/","og_site_name":"Sete Minutos","article_publisher":"https:\/\/www.facebook.com\/seteminutos.oficial","article_modified_time":"2021-11-14T20:08:44+00:00","og_image":[{"width":240,"height":240,"url":"https:\/\/i2.wp.com\/seteminutos.pt\/blog\/wp-content\/uploads\/2021\/11\/0001-esp-evr-23-06-2010.jpg?fit=240%2C240&ssl=1","type":"image\/jpeg"}],"twitter_card":"summary_large_image","twitter_site":"@sete_minutos","twitter_misc":{"Tempo estimado de leitura":"2 minutos"},"schema":{"@context":"https:\/\/schema.org","@graph":[{"@type":"WebPage","@id":"https:\/\/seteminutos.org\/blog\/edicoes\/evora\/especiais-evora\/feira-sao-joao\/","url":"https:\/\/seteminutos.org\/blog\/edicoes\/evora\/especiais-evora\/feira-sao-joao\/","name":"Sete Minutos | Feira de S\u00e3o Jo\u00e3o","isPartOf":{"@id":"https:\/\/seteminutos.org\/blog\/#website"},"primaryImageOfPage":{"@id":"https:\/\/seteminutos.org\/blog\/edicoes\/evora\/especiais-evora\/feira-sao-joao\/#primaryimage"},"image":{"@id":"https:\/\/seteminutos.org\/blog\/edicoes\/evora\/especiais-evora\/feira-sao-joao\/#primaryimage"},"thumbnailUrl":"https:\/\/i0.wp.com\/seteminutos.org\/blog\/wp-content\/uploads\/2021\/11\/0001-esp-evr-23-06-2010.jpg?fit=240%2C240&ssl=1","datePublished":"2017-07-22T19:22:22+00:00","dateModified":"2021-11-14T20:08:44+00:00","breadcrumb":{"@id":"https:\/\/seteminutos.org\/blog\/edicoes\/evora\/especiais-evora\/feira-sao-joao\/#breadcrumb"},"inLanguage":"pt-PT","potentialAction":[{"@type":"ReadAction","target":["https:\/\/seteminutos.org\/blog\/edicoes\/evora\/especiais-evora\/feira-sao-joao\/"]}]},{"@type":"ImageObject","inLanguage":"pt-PT","@id":"https:\/\/seteminutos.org\/blog\/edicoes\/evora\/especiais-evora\/feira-sao-joao\/#primaryimage","url":"https:\/\/i0.wp.com\/seteminutos.org\/blog\/wp-content\/uploads\/2021\/11\/0001-esp-evr-23-06-2010.jpg?fit=240%2C240&ssl=1","contentUrl":"https:\/\/i0.wp.com\/seteminutos.org\/blog\/wp-content\/uploads\/2021\/11\/0001-esp-evr-23-06-2010.jpg?fit=240%2C240&ssl=1","width":240,"height":240,"caption":"Edi\u00e7\u00e3o Sete Minutos 0001"},{"@type":"BreadcrumbList","@id":"https:\/\/seteminutos.org\/blog\/edicoes\/evora\/especiais-evora\/feira-sao-joao\/#breadcrumb","itemListElement":[{"@type":"ListItem","position":1,"name":"In\u00edcio","item":"https:\/\/seteminutos.org\/blog\/"},{"@type":"ListItem","position":2,"name":"Edi\u00e7\u00f5es","item":"https:\/\/seteminutos.org\/blog\/edicoes\/"},{"@type":"ListItem","position":3,"name":"\u00c9vora","item":"https:\/\/seteminutos.org\/blog\/edicoes\/evora\/"},{"@type":"ListItem","position":4,"name":"Especiais","item":"https:\/\/seteminutos.org\/blog\/edicoes\/evora\/especiais-evora\/"},{"@type":"ListItem","position":5,"name":"Feira de S\u00e3o Jo\u00e3o"}]},{"@type":"WebSite","@id":"https:\/\/seteminutos.org\/blog\/#website","url":"https:\/\/seteminutos.org\/blog\/","name":"Sete Minutos","description":"Curiosidades, Humor e Informa\u00e7\u00e3o com Intelig\u00eancia","publisher":{"@id":"https:\/\/seteminutos.org\/blog\/#organization"},"potentialAction":[{"@type":"SearchAction","target":{"@type":"EntryPoint","urlTemplate":"https:\/\/seteminutos.org\/blog\/?s={search_term_string}"},"query-input":{"@type":"PropertyValueSpecification","valueRequired":true,"valueName":"search_term_string"}}],"inLanguage":"pt-PT"},{"@type":"Organization","@id":"https:\/\/seteminutos.org\/blog\/#organization","name":"Sete Minutos","url":"https:\/\/seteminutos.org\/blog\/","logo":{"@type":"ImageObject","inLanguage":"pt-PT","@id":"https:\/\/seteminutos.org\/blog\/#\/schema\/logo\/image\/","url":"https:\/\/i0.wp.com\/seteminutos.org\/blog\/wp-content\/uploads\/2017\/06\/cropped-sm-logo-2017-2.jpg?fit=290%2C64&ssl=1","contentUrl":"https:\/\/i0.wp.com\/seteminutos.org\/blog\/wp-content\/uploads\/2017\/06\/cropped-sm-logo-2017-2.jpg?fit=290%2C64&ssl=1","width":290,"height":64,"caption":"Sete Minutos"},"image":{"@id":"https:\/\/seteminutos.org\/blog\/#\/schema\/logo\/image\/"},"sameAs":["https:\/\/www.facebook.com\/seteminutos.oficial","https:\/\/x.com\/sete_minutos"]}]}},"jetpack_sharing_enabled":true,"jetpack_likes_enabled":true,"_links":{"self":[{"href":"https:\/\/seteminutos.org\/blog\/wp-json\/wp\/v2\/pages\/4160","targetHints":{"allow":["GET"]}}],"collection":[{"href":"https:\/\/seteminutos.org\/blog\/wp-json\/wp\/v2\/pages"}],"about":[{"href":"https:\/\/seteminutos.org\/blog\/wp-json\/wp\/v2\/types\/page"}],"author":[{"embeddable":true,"href":"https:\/\/seteminutos.org\/blog\/wp-json\/wp\/v2\/users\/1"}],"replies":[{"embeddable":true,"href":"https:\/\/seteminutos.org\/blog\/wp-json\/wp\/v2\/comments?post=4160"}],"version-history":[{"count":18,"href":"https:\/\/seteminutos.org\/blog\/wp-json\/wp\/v2\/pages\/4160\/revisions"}],"predecessor-version":[{"id":9284,"href":"https:\/\/seteminutos.org\/blog\/wp-json\/wp\/v2\/pages\/4160\/revisions\/9284"}],"up":[{"embeddable":true,"href":"https:\/\/seteminutos.org\/blog\/wp-json\/wp\/v2\/pages\/3537"}],"wp:featuredmedia":[{"embeddable":true,"href":"https:\/\/seteminutos.org\/blog\/wp-json\/wp\/v2\/media\/9189"}],"wp:attachment":[{"href":"https:\/\/seteminutos.org\/blog\/wp-json\/wp\/v2\/media?parent=4160"}],"curies":[{"name":"wp","href":"https:\/\/api.w.org\/{rel}","templated":true}]}}