{"id":7698,"date":"2019-11-06T15:59:36","date_gmt":"2019-11-06T15:59:36","guid":{"rendered":"https:\/\/seteminutos.org\/blog\/?page_id=7698"},"modified":"2021-11-14T23:27:09","modified_gmt":"2021-11-14T23:27:09","slug":"talentos","status":"publish","type":"page","link":"https:\/\/seteminutos.org\/blog\/talentos\/","title":{"rendered":"Talentos"},"content":{"rendered":"\n<h2 class=\"wp-block-heading\" id=\"somos-uma-otima-oportunidade-de-part-time\"><strong><img data-recalc-dims=\"1\" loading=\"lazy\" decoding=\"async\" width=\"240\" height=\"240\" class=\"size-full wp-image-4405 alignleft\" src=\"https:\/\/i0.wp.com\/seteminutos.org\/blog\/wp-content\/uploads\/2021\/11\/motivacao.jpg?resize=240%2C240&#038;ssl=1\" alt=\"Sete Minutos Eletr\u00f3nico\">Somos uma \u00f3tima oportunidade de part-time<\/strong><\/h2>\n\n\n\n<p>Sabemos que um dinheirinho extra nunca faz mal a ningu\u00e9m e, al\u00e9m das oportunidades de franquia, disponibilizamos tamb\u00e9m vagas para Agentes Comerciais e Distribuidores em diferentes regi\u00f5es do pa\u00eds, para edi\u00e7\u00f5es j\u00e1 em funcionamento ou em vias de implementa\u00e7\u00e3o.<\/p>\n\n\n\n<p>Se quer colocar o seu talento ao servi\u00e7o do Sete Minutos, fazendo parte de uma equipa que investe em primeiro lugar na harmonia e bem estar das pessoas e oferece as comiss\u00f5es mais elevadas do mercado, com oportunidades para quem quer trabalhar.<\/p>\n\n\n\n<p>Se assim \u00e9, est\u00e1 no local certo. Verifique abaixo qual a oportunidade em que se enquadra. Preencha o formul\u00e1rio, respondendo a todos os itens apenas com a verdade e deixe que, se for selecionado, n\u00f3s vamos investir no seu sucesso.<br>Esperamos que em breve o seu talento fa\u00e7a tamb\u00e9m parte do Sete Minutos.<\/p>\n\n\n\n<p id=\"oportunidades-para-agente-comercial\"><strong>Oportunidades para Agente Comercial<\/strong><\/p>\n\n\n\n<p>Procuramos Agentes\u00a0Comerciais\u00a0para venda de\u00a0publicidade\u00a0em edi\u00e7\u00f5es a ser criadas em v\u00e1rias localidades.<br>Se quer receber um ordenado sem fazer nada, n\u00e3o vale a pena continuar a ler, porque esta vaga n\u00e3o \u00e9 para si.<br>Trata-se de\u00a0trabalho\u00a0em part-time, concili\u00e1vel com outro\u00a0emprego, estudo\u00a0ou qualquer outra atividade.<\/p>\n\n\n\n<p><em>Pretendemos:<\/em><br>&#8211; Pessoa din\u00e2mica, com ambi\u00e7\u00e3o e capacidade de iniciativa.<br>&#8211; Pessoa com disponibilidade de algumas horas por semana em hor\u00e1rio\u00a0comercial\u00a0para realizar a venda de an\u00fancios publicit\u00e1rios em empresas e casas comerciais.<br>&#8211; Pessoa com facilidade de comunica\u00e7\u00e3o e gosto por rela\u00e7\u00f5es interpessoais.<\/p>\n\n\n\n<p><em><strong>Oferecemos:<\/strong><\/em><br>&#8211; Comiss\u00f5es de 25% sobre todas as\u00a0vendas\u00a0efetuadas.<br>&#8211; Pr\u00e9mios de produtividade que podem chegar a 150 Euros\/m\u00eas.<br>&#8211; Valor fixo mensal de 150 Euros para efetuar a\u00a0distribui\u00e7\u00e3o\u00a0do jornal pelos expositores exclusivos (+\/- 1 hora por semana).<br>&#8211;\u00a0Forma\u00e7\u00e3o\u00a0inicial e acompanhamento permanente.<br>&#8211; Possibilidade de ganhos extra com edi\u00e7\u00f5es especiais a serem realizadas oportunamente.<br>&#8211; Possibilidade de aumentar os ganhos, trabalhando em mais de uma edi\u00e7\u00e3o.<br>&#8211; Possibilidade de\u00a0trabalho\u00a0a tempo inteiro (ap\u00f3s comprovada efici\u00eancia no ramo).<\/p>\n\n\n\n<p>ATEN\u00c7\u00c3O: N\u00e3o queremos perder o nosso tempo nem fazer perder o tempo de ningu\u00e9m, por isso s\u00f3 se candidate \u00e0 vaga se estiver realmente interessado(a) em TRABALHAR num projeto inovador onde os seus rendimentos s\u00f3 dependem do seu empenho, porque a maioria dos ganhos adv\u00e9m de comiss\u00f5es.<\/p>\n\n\n\n<p><em>Vagas dispon\u00edveis:<\/em><\/p>\n\n\n\n<p>Agente comercial para o Distrito de Beja: Beja, Moura, Odemira e Serpa.<br>Preencha o <a href=\"https:\/\/forms.gle\/6vndSsYqDx17AtPF9\" target=\"_blank\" rel=\"noreferrer noopener\">formul\u00e1rio<\/a> e selecione localidade desejada.<\/p>\n\n\n\n<p>Agente comercial para o Distrito de \u00c9vora: Estremoz, Montemor-o-Novo, Reguengos de Monsaraz e Vendas Novas.<br>Preencha o <a href=\"https:\/\/forms.gle\/ScGXUspwCaC26vmX8\" target=\"_blank\" rel=\"noreferrer noopener\">formul\u00e1rio<\/a> e selecione localidade desejada.<\/p>\n\n\n\n<p>Agente comercial para o Distrito de Portalegre: Campo Maior, Elvas, Ponte de Sor e Portalegre.<br>Preencha o <a href=\"https:\/\/forms.gle\/xk8PQ7p27eeNSLpq5\" target=\"_blank\" rel=\"noreferrer noopener\">formul\u00e1rio<\/a> e selecione localidade desejada.<\/p>\n\n\n\n<p>Agente comercial para o Distrito de Santar\u00e9m: Almeirim, Entroncamento, Our\u00e9m, Santar\u00e9m, Tomar e Torres Novas.<br>Preencha o <a href=\"https:\/\/forms.gle\/ut8PKfxMpKMoGkqUA\" target=\"_blank\" rel=\"noreferrer noopener\">formul\u00e1rio<\/a> e selecione localidade desejada.<\/p>\n\n\n\n<p>Agente comercial para o Distrito de Set\u00fabal: Ac\u00e1cer do Sal, Alcochete, Gr\u00e2ndola, Moita, Palmela, Santiago do Cac\u00e9m, Sesimbra e Sines.<br>Preencha o <a href=\"https:\/\/forms.gle\/wjbTsUgNUutvzRnC7\" target=\"_blank\" rel=\"noreferrer noopener\">formul\u00e1rio<\/a> e selecione localidade desejada.<\/p>\n\n\n\n<hr class=\"wp-block-separator is-style-wide\"\/>\n\n\n\n<p>Informa\u00e7\u00e3o atualizada em\u00a0<strong>14 de novembro de 2021<\/strong>.<\/p>\n","protected":false},"excerpt":{"rendered":"<p>Somos uma \u00f3tima oportunidade de part-time Sabemos que um dinheirinho extra nunca faz mal a ningu\u00e9m e, al\u00e9m das oportunidades de franquia, disponibilizamos tamb\u00e9m vagas para Agentes Comerciais e Distribuidores em diferentes regi\u00f5es do pa\u00eds, para edi\u00e7\u00f5es j\u00e1 em funcionamento ou em vias de implementa\u00e7\u00e3o. Se quer colocar o seu talento ao servi\u00e7o do Sete Minutos, fazendo parte de uma equipa que investe em primeiro lugar na harmonia e bem estar das pessoas e oferece as comiss\u00f5es mais elevadas do mercado, com oportunidades para quem quer trabalhar. Se assim \u00e9,&hellip;<\/p>\n","protected":false},"author":1,"featured_media":9281,"parent":0,"menu_order":0,"comment_status":"closed","ping_status":"closed","template":"","meta":{"footnotes":""},"class_list":["post-7698","page","type-page","status-publish","has-post-thumbnail","hentry"],"yoast_head":"<!-- This site is optimized with the Yoast SEO plugin v26.0 - https:\/\/yoast.com\/wordpress\/plugins\/seo\/ -->\n<title>Sete Minutos | Talentos<\/title>\n<meta name=\"robots\" content=\"index, follow, max-snippet:-1, max-image-preview:large, max-video-preview:-1\" \/>\n<link rel=\"canonical\" href=\"https:\/\/seteminutos.org\/blog\/talentos\/\" \/>\n<meta property=\"og:locale\" content=\"pt_PT\" \/>\n<meta property=\"og:type\" content=\"article\" \/>\n<meta property=\"og:title\" content=\"Sete Minutos | Talentos\" \/>\n<meta property=\"og:url\" content=\"https:\/\/seteminutos.org\/blog\/talentos\/\" \/>\n<meta property=\"og:site_name\" content=\"Sete Minutos\" \/>\n<meta property=\"article:publisher\" content=\"https:\/\/www.facebook.com\/seteminutos.oficial\" \/>\n<meta property=\"article:modified_time\" content=\"2021-11-14T23:27:09+00:00\" \/>\n<meta property=\"og:image\" content=\"https:\/\/i2.wp.com\/seteminutos.pt\/blog\/wp-content\/uploads\/2021\/11\/motivacao.jpg?fit=240%2C240&ssl=1\" \/>\n\t<meta property=\"og:image:width\" content=\"240\" \/>\n\t<meta property=\"og:image:height\" content=\"240\" \/>\n\t<meta property=\"og:image:type\" content=\"image\/jpeg\" \/>\n<meta name=\"twitter:card\" content=\"summary_large_image\" \/>\n<meta name=\"twitter:site\" content=\"@sete_minutos\" \/>\n<meta name=\"twitter:label1\" content=\"Tempo estimado de leitura\" \/>\n\t<meta name=\"twitter:data1\" content=\"3 minutos\" \/>\n<script type=\"application\/ld+json\" class=\"yoast-schema-graph\">{\"@context\":\"https:\/\/schema.org\",\"@graph\":[{\"@type\":\"WebPage\",\"@id\":\"https:\/\/seteminutos.org\/blog\/talentos\/\",\"url\":\"https:\/\/seteminutos.org\/blog\/talentos\/\",\"name\":\"Sete Minutos | Talentos\",\"isPartOf\":{\"@id\":\"https:\/\/seteminutos.org\/blog\/#website\"},\"primaryImageOfPage\":{\"@id\":\"https:\/\/seteminutos.org\/blog\/talentos\/#primaryimage\"},\"image\":{\"@id\":\"https:\/\/seteminutos.org\/blog\/talentos\/#primaryimage\"},\"thumbnailUrl\":\"https:\/\/i0.wp.com\/seteminutos.org\/blog\/wp-content\/uploads\/2021\/11\/motivacao.jpg?fit=240%2C240&ssl=1\",\"datePublished\":\"2019-11-06T15:59:36+00:00\",\"dateModified\":\"2021-11-14T23:27:09+00:00\",\"breadcrumb\":{\"@id\":\"https:\/\/seteminutos.org\/blog\/talentos\/#breadcrumb\"},\"inLanguage\":\"pt-PT\",\"potentialAction\":[{\"@type\":\"ReadAction\",\"target\":[\"https:\/\/seteminutos.org\/blog\/talentos\/\"]}]},{\"@type\":\"ImageObject\",\"inLanguage\":\"pt-PT\",\"@id\":\"https:\/\/seteminutos.org\/blog\/talentos\/#primaryimage\",\"url\":\"https:\/\/i0.wp.com\/seteminutos.org\/blog\/wp-content\/uploads\/2021\/11\/motivacao.jpg?fit=240%2C240&ssl=1\",\"contentUrl\":\"https:\/\/i0.wp.com\/seteminutos.org\/blog\/wp-content\/uploads\/2021\/11\/motivacao.jpg?fit=240%2C240&ssl=1\",\"width\":240,\"height\":240,\"caption\":\"Motiva\u00e7\u00e3o\"},{\"@type\":\"BreadcrumbList\",\"@id\":\"https:\/\/seteminutos.org\/blog\/talentos\/#breadcrumb\",\"itemListElement\":[{\"@type\":\"ListItem\",\"position\":1,\"name\":\"In\u00edcio\",\"item\":\"https:\/\/seteminutos.org\/blog\/\"},{\"@type\":\"ListItem\",\"position\":2,\"name\":\"Talentos\"}]},{\"@type\":\"WebSite\",\"@id\":\"https:\/\/seteminutos.org\/blog\/#website\",\"url\":\"https:\/\/seteminutos.org\/blog\/\",\"name\":\"Sete Minutos\",\"description\":\"Curiosidades, Humor e Informa\u00e7\u00e3o com Intelig\u00eancia\",\"publisher\":{\"@id\":\"https:\/\/seteminutos.org\/blog\/#organization\"},\"potentialAction\":[{\"@type\":\"SearchAction\",\"target\":{\"@type\":\"EntryPoint\",\"urlTemplate\":\"https:\/\/seteminutos.org\/blog\/?s={search_term_string}\"},\"query-input\":{\"@type\":\"PropertyValueSpecification\",\"valueRequired\":true,\"valueName\":\"search_term_string\"}}],\"inLanguage\":\"pt-PT\"},{\"@type\":\"Organization\",\"@id\":\"https:\/\/seteminutos.org\/blog\/#organization\",\"name\":\"Sete Minutos\",\"url\":\"https:\/\/seteminutos.org\/blog\/\",\"logo\":{\"@type\":\"ImageObject\",\"inLanguage\":\"pt-PT\",\"@id\":\"https:\/\/seteminutos.org\/blog\/#\/schema\/logo\/image\/\",\"url\":\"https:\/\/i0.wp.com\/seteminutos.org\/blog\/wp-content\/uploads\/2017\/06\/cropped-sm-logo-2017-2.jpg?fit=290%2C64&ssl=1\",\"contentUrl\":\"https:\/\/i0.wp.com\/seteminutos.org\/blog\/wp-content\/uploads\/2017\/06\/cropped-sm-logo-2017-2.jpg?fit=290%2C64&ssl=1\",\"width\":290,\"height\":64,\"caption\":\"Sete Minutos\"},\"image\":{\"@id\":\"https:\/\/seteminutos.org\/blog\/#\/schema\/logo\/image\/\"},\"sameAs\":[\"https:\/\/www.facebook.com\/seteminutos.oficial\",\"https:\/\/x.com\/sete_minutos\"]}]}<\/script>\n<!-- \/ Yoast SEO plugin. -->","yoast_head_json":{"title":"Sete Minutos | Talentos","robots":{"index":"index","follow":"follow","max-snippet":"max-snippet:-1","max-image-preview":"max-image-preview:large","max-video-preview":"max-video-preview:-1"},"canonical":"https:\/\/seteminutos.org\/blog\/talentos\/","og_locale":"pt_PT","og_type":"article","og_title":"Sete Minutos | Talentos","og_url":"https:\/\/seteminutos.org\/blog\/talentos\/","og_site_name":"Sete Minutos","article_publisher":"https:\/\/www.facebook.com\/seteminutos.oficial","article_modified_time":"2021-11-14T23:27:09+00:00","og_image":[{"width":240,"height":240,"url":"https:\/\/i2.wp.com\/seteminutos.pt\/blog\/wp-content\/uploads\/2021\/11\/motivacao.jpg?fit=240%2C240&ssl=1","type":"image\/jpeg"}],"twitter_card":"summary_large_image","twitter_site":"@sete_minutos","twitter_misc":{"Tempo estimado de leitura":"3 minutos"},"schema":{"@context":"https:\/\/schema.org","@graph":[{"@type":"WebPage","@id":"https:\/\/seteminutos.org\/blog\/talentos\/","url":"https:\/\/seteminutos.org\/blog\/talentos\/","name":"Sete Minutos | Talentos","isPartOf":{"@id":"https:\/\/seteminutos.org\/blog\/#website"},"primaryImageOfPage":{"@id":"https:\/\/seteminutos.org\/blog\/talentos\/#primaryimage"},"image":{"@id":"https:\/\/seteminutos.org\/blog\/talentos\/#primaryimage"},"thumbnailUrl":"https:\/\/i0.wp.com\/seteminutos.org\/blog\/wp-content\/uploads\/2021\/11\/motivacao.jpg?fit=240%2C240&ssl=1","datePublished":"2019-11-06T15:59:36+00:00","dateModified":"2021-11-14T23:27:09+00:00","breadcrumb":{"@id":"https:\/\/seteminutos.org\/blog\/talentos\/#breadcrumb"},"inLanguage":"pt-PT","potentialAction":[{"@type":"ReadAction","target":["https:\/\/seteminutos.org\/blog\/talentos\/"]}]},{"@type":"ImageObject","inLanguage":"pt-PT","@id":"https:\/\/seteminutos.org\/blog\/talentos\/#primaryimage","url":"https:\/\/i0.wp.com\/seteminutos.org\/blog\/wp-content\/uploads\/2021\/11\/motivacao.jpg?fit=240%2C240&ssl=1","contentUrl":"https:\/\/i0.wp.com\/seteminutos.org\/blog\/wp-content\/uploads\/2021\/11\/motivacao.jpg?fit=240%2C240&ssl=1","width":240,"height":240,"caption":"Motiva\u00e7\u00e3o"},{"@type":"BreadcrumbList","@id":"https:\/\/seteminutos.org\/blog\/talentos\/#breadcrumb","itemListElement":[{"@type":"ListItem","position":1,"name":"In\u00edcio","item":"https:\/\/seteminutos.org\/blog\/"},{"@type":"ListItem","position":2,"name":"Talentos"}]},{"@type":"WebSite","@id":"https:\/\/seteminutos.org\/blog\/#website","url":"https:\/\/seteminutos.org\/blog\/","name":"Sete Minutos","description":"Curiosidades, Humor e Informa\u00e7\u00e3o com Intelig\u00eancia","publisher":{"@id":"https:\/\/seteminutos.org\/blog\/#organization"},"potentialAction":[{"@type":"SearchAction","target":{"@type":"EntryPoint","urlTemplate":"https:\/\/seteminutos.org\/blog\/?s={search_term_string}"},"query-input":{"@type":"PropertyValueSpecification","valueRequired":true,"valueName":"search_term_string"}}],"inLanguage":"pt-PT"},{"@type":"Organization","@id":"https:\/\/seteminutos.org\/blog\/#organization","name":"Sete Minutos","url":"https:\/\/seteminutos.org\/blog\/","logo":{"@type":"ImageObject","inLanguage":"pt-PT","@id":"https:\/\/seteminutos.org\/blog\/#\/schema\/logo\/image\/","url":"https:\/\/i0.wp.com\/seteminutos.org\/blog\/wp-content\/uploads\/2017\/06\/cropped-sm-logo-2017-2.jpg?fit=290%2C64&ssl=1","contentUrl":"https:\/\/i0.wp.com\/seteminutos.org\/blog\/wp-content\/uploads\/2017\/06\/cropped-sm-logo-2017-2.jpg?fit=290%2C64&ssl=1","width":290,"height":64,"caption":"Sete Minutos"},"image":{"@id":"https:\/\/seteminutos.org\/blog\/#\/schema\/logo\/image\/"},"sameAs":["https:\/\/www.facebook.com\/seteminutos.oficial","https:\/\/x.com\/sete_minutos"]}]}},"jetpack_sharing_enabled":true,"jetpack_likes_enabled":true,"_links":{"self":[{"href":"https:\/\/seteminutos.org\/blog\/wp-json\/wp\/v2\/pages\/7698","targetHints":{"allow":["GET"]}}],"collection":[{"href":"https:\/\/seteminutos.org\/blog\/wp-json\/wp\/v2\/pages"}],"about":[{"href":"https:\/\/seteminutos.org\/blog\/wp-json\/wp\/v2\/types\/page"}],"author":[{"embeddable":true,"href":"https:\/\/seteminutos.org\/blog\/wp-json\/wp\/v2\/users\/1"}],"replies":[{"embeddable":true,"href":"https:\/\/seteminutos.org\/blog\/wp-json\/wp\/v2\/comments?post=7698"}],"version-history":[{"count":10,"href":"https:\/\/seteminutos.org\/blog\/wp-json\/wp\/v2\/pages\/7698\/revisions"}],"predecessor-version":[{"id":9288,"href":"https:\/\/seteminutos.org\/blog\/wp-json\/wp\/v2\/pages\/7698\/revisions\/9288"}],"wp:featuredmedia":[{"embeddable":true,"href":"https:\/\/seteminutos.org\/blog\/wp-json\/wp\/v2\/media\/9281"}],"wp:attachment":[{"href":"https:\/\/seteminutos.org\/blog\/wp-json\/wp\/v2\/media?parent=7698"}],"curies":[{"name":"wp","href":"https:\/\/api.w.org\/{rel}","templated":true}]}}